j + 20. What is the highest common factor of j and 2?
2
Let r = 84 + -124. Let o = r + 57. Calculate the highest common factor of 153 and o.
17
Let i(d) be the third derivative of d**6/60 - d**4/8 + d**3/2 - d**2. Let a be i(3). Suppose r = 5*r - a. What is the highest common factor of 48 and r?
12
Let t = 77 + -37. Suppose 2*g + 2*g = t. Suppose -4*l + 5 + 3 = 0. Calculate the highest common factor of l and g.
2
Let q = -21 + 52. What is the highest common divisor of 31 and q?
31
Suppose 5*k + 3*x - 2*x - 599 = 0, 3*x + 3 = 0. What is the greatest common factor of 15 and k?
15
Let l = -3 - -4. Let f = 11 - l. Calculate the greatest common factor of 80 and f.
10
Let z = -46 - -98. What is the highest common factor of z and 13?
13
Let a = -40 - -56. Let y(g) = -2*g + 2. Let u be y(-7). Calculate the highest common divisor of a and u.
16
Suppose -5*v + 120 = -2*k, 0*k = 5*k. Calculate the highest common divisor of 6 and v.
6
Let j be -4*2/((-16)/6). Suppose 4 = j*d - d. Suppose -b - b + 4 = 0, -356 = -4*o - d*b. What is the greatest common factor of o and 11?
11
Suppose 8*l = -l + 9. What is the highest common divisor of 4 and l?
1
Suppose -8*u + 11*u - 315 = 0. What is the highest common factor of u and 15?
15
Let c = 0 - -5. Suppose 2*t - 27 = c*n - 0*n, 0 = 4*t + 5*n + 21. Calculate the greatest common factor of 5 and t.
1
Let x be (4/6)/((-4)/42). Let a(z) = z**2 + 6. Let q be a(x). What is the highest common divisor of 11 and q?
11
Let h be 258/8 - 19/76. Calculate the highest common divisor of 160 and h.
32
Suppose -9 = -2*b + 3. Let p = 17 - -42. Let i = p + -41. What is the highest common divisor of i and b?
6
Let q be 0/(-5) - 9*-13. What is the highest common divisor of q and 13?
13
Let d be (-1)/(-1)*9/1. Let u = d + 9. Suppose -s - 72 = -3*s. Calculate the highest common divisor of s and u.
18
Let i = -131 + 263. Let d be 12*(-3)/(-12)*4. Calculate the highest common factor of d and i.
12
Let a be (8 + -2)*8/6. Suppose -10 = -5*g + 3*g. Suppose -156 = -3*i - 2*i - d, -180 = -5*i + g*d. Calculate the highest common factor of i and a.
8
Suppose -2*w = -5*o + 184, o + 3*w = -2*o + 102. Calculate the greatest common factor of 27 and o.
9
Let r = -322 - -187. Let v be 4/(-2) - (r + -2). Calculate the greatest common divisor of v and 15.
15
Let l = -9 - -15. Let a(x) = x**3 - 9*x**2 - 10*x + 3. Let q be a(10). Calculate the highest common factor of l and q.
3
Suppose 0 = 3*i - 5 - 7. Let d(u) = u**3 - 5*u**2 + 4*u + 2. Let q be d(i). Calculate the highest common divisor of q and 4.
2
Let g be 8/(-36) - 218/(-9). Let m be 2/(-8) + 54/g. Suppose -m*b = -95 - 65. What is the highest common divisor of b and 10?
10
Suppose 2 = -2*l + 3*p - 4*p, -4*l - 5*p + 8 = 0. Let s be ((-110)/l)/((-1)/(-3)). Calculate the highest common divisor of 22 and s.
22
Suppose -6 = d + 6. Let h = 15 + d. Suppose t - 9 = 15. Calculate the highest common divisor of t and h.
3
Let p(v) = -11*v - 5. Let m be p(-7). What is the greatest common divisor of 108 and m?
36
Let g(u) = -14*u - 36. Let f be g(-4). Calculate the greatest common divisor of 30 and f.
10
Let h(t) = -5*t - 3. Let k be h(-2). Suppose 5*s = -s + 84. Calculate the greatest common factor of k and s.
7
Let y(r) = -5*r**2 - 29*r + 10. Let t be y(-5). What is the greatest common factor of 240 and t?
30
Let a be 5 + -2*9/6. Let w be (-3)/a*12/(-9). Suppose 5*n - 2*h - 62 = 0, -4*n + w*h + 2*h + 52 = 0. Calculate the highest common factor of 12 and n.
12
Let s(g) = -2*g**2 + 3 - 4*g**2 - 3*g**2 + g**3 - 2*g - 1. Let l be s(9). Let i = 8 - l. Calculate the greatest common factor of i and 168.
24
Suppose f - 4*u - 99 + 31 = 0, -3*f - 2*u = -232. Suppose -5*m + 38 = -3*m. Calculate the greatest common divisor of f and m.
19
Let c = 12 + -10. Suppose 6*o - c*o = 208. What is the highest common divisor of 13 and o?
13
Let s be 30 - 3/((-3)/(-2)). Suppose 0 = -3*p + 5*a + s, -4*a = 34 - 14. Let d be -2 + (0 + p)*54. What is the greatest common factor of d and 13?
13
Let l(j) = 4*j**2 - 4*j + 4*j**2 + 4 + j**2 - 2*j**2. Let u be l(3). What is the greatest common divisor of u and 22?
11
Let o be (1 - 2)*(-28)/4. Suppose 10*n - o*n = 6. Calculate the highest common divisor of n and 5.
1
Let x = 56 - 31. Let i(l) = 2*l + 40. Let j be i(-17). Suppose -j*h = -h - x. Calculate the greatest common divisor of h and 25.
5
Let i = 64 - 61. Calculate the greatest common factor of i and 3.
3
Suppose 0*h - 45 = 5*h. Let v be 8/(-36) + (-452)/h. Calculate the highest common divisor of 10 and v.
10
Suppose 4*l + a = 76, -4*l - 5*a + 88 = -a. What is the highest common divisor of 6 and l?
6
Let o be 5 + 6*(-2)/4. Suppose 58 = 3*i + 2*g - o, -4*g = -3*i + 42. Let p = 17 - 8. What is the greatest common divisor of p and i?
9
Let p = -76 - -89. Calculate the greatest common factor of 13 and p.
13
Suppose -7 = 2*n - 31. Calculate the greatest common divisor of 6 and n.
6
Let d = -183 - -186. What is the highest common divisor of 39 and d?
3
Let d be 0/(-2) + 9/1. Let q be (10 + 1)/(95/45 + -2). What is the greatest common factor of q and d?
9
Suppose 4 = -4*o + 36. Suppose 0*l = l - o. Suppose -q = -2*q + 8. Calculate the greatest common factor of l and q.
8
Let o = 12 - 8. Suppose o*j + x = -97 + 435, -162 = -2*j - 4*x. Let z = 51 + -34. Calculate the highest common divisor of j and z.
17
Let i(h) be the second derivative of h**3 - 3*h**2/2 + 4*h. Let o be i(2). Calculate the highest common factor of 36 and o.
9
Let r be ((-10)/(-30))/(1/462). Let b be 120/9 + 2/3. Calculate the highest common divisor of b and r.
14
Let q be (-5)/(-10)*22 + -5. What is the greatest common divisor of 15 and q?
3
Suppose -3*f + 5*f = 0. Let q = f + 4. Suppose -2*u = -q*t - 0*t + 54, -33 = -3*t + 4*u. What is the greatest common divisor of 30 and t?
15
Let h be 6 + -2 - (-2 + -2). What is the highest common factor of 1 and h?
1
Suppose 52 = 7*u - 4. Calculate the greatest common divisor of u and 128.
8
Suppose -5*o - 2*l - 15 = -5, -40 = 5*o - 4*l. Let c = 8 + o. Let r = 3 + 13. What is the highest common divisor of c and r?
4
Let b(s) = 6*s + 3. Let z = -1 - -6. Let l be b(z). What is the highest common factor of l and 33?
33
Let j = 43 + -1. Let g = j - 30. What is the highest common factor of g and 30?
6
Let b be (2/(-6))/((-7)/147). Let f(o) = 4*o + 8. Let k be f(b). What is the highest common divisor of 12 and k?
12
Let x be 9 + -4 + 2 - -3. Calculate the highest common divisor of x and 40.
10
Suppose -x = x - 20. What is the greatest common factor of 30 and x?
10
Suppose -y + 4*o = -137, 4*o = 7 + 9. Calculate the greatest common divisor of 17 and y.
17
Let c = -1 + 22. Suppose -3*d + 105 = -c. Calculate the greatest common factor of d and 28.
14
Suppose 0*j - 5*j + 15 = 0, 4*h - 71 = 3*j. Let c be h*(1 + -1 + 2). Let g be 10/4*16/5. Calculate the greatest common factor of g and c.
8
Suppose -2*o + 2*y - y = -18, -3*y = -4*o + 34. What is the highest common divisor of o and 90?
10
Let c(k) = -k. Let p be c(3). Let b(o) = -o**2 - 9*o - 1. Let h be b(p). Calculate the highest common divisor of 85 and h.
17
Let j be ((-27)/6)/((-3)/4). Suppose 0 = -2*h + j, -3*n = -4*n + 3*h - 8. Let i be -1*(n - 1) + 15. What is the greatest common divisor of 105 and i?
15
Suppose -90 = -3*u + 45. Calculate the greatest common divisor of u and 9.
9
Let n be 11/33 - 59/(-3). Calculate the greatest common divisor of n and 4.
4
Let s(n) = -3*n**3 - 6*n**2 - 3*n. Let b be s(-4). Calculate the highest common factor of 12 and b.
12
Let p be (6 + -4 - -3)*5. Calculate the greatest common factor of 275 and p.
25
Let x = 155 + -55. Suppose 3*s = 2*s + x. Suppose 112 = 3*l + 2*b, -4*l + 2*b + b + 172 = 0. Calculate the highest common divisor of l and s.
20
Suppose 0 = 3*x - 0*x - 759. Calculate the highest common divisor of 23 and x.
23
Let i be ((-14)/(-7))/((-2)/(-4)). Suppose h - 400 = -3*h. Suppose -w = i*w - h. What is the highest common divisor of 4 and w?
4
Suppose 191 = 5*c + 41. Suppose 40 = g - x, g + 5*x = c + 10. What is the highest common divisor of g and 16?
8
Suppose 6*v - 8*v = -6. Calculate the highest common divisor of 15 and v.
3
Let a(l) = 17*l**2 - 6*l**2 - 2 + 3. Let s be a(-1). Suppose 0 = 2*z - 4*z + s. What is the greatest common factor of 6 and 